
14
Suppose -5*p - 35 = 4*l, 0*l + 32 = -4*l - 4*p. Let g(b) be the first derivative of -3*b**2 - 39 - 2/3*b**3 + 0*b. Give g(l).
-20
Suppose 9*a - 6*a - 12 = 0. Let y be ((-32)/56)/(a/(-14)). Let x(s) = 3*s. Give x(y).
6
Let w(o) be the third derivative of o**5/30 + o**4/24 - o**2. Let f(x) = -7 - 9*x + 2*x**2 - 7*x**3 + 8*x**3 - 6*x**2 + 5*x. Let j be f(5). Calculate w(j).
6
Let i = -245 - -247. Let g(z) = -z**3 + z**2 + 3*z - 3. Determine g(i).
-1
Suppose -r + 16 = -3*r. Let o(n) = 9 + 9 + n**2 + 9 - 29 + 7*n. Determine o(r).
6
Let z(f) = -4*f + 2. Let n be 33/(-88) + (99/(-24))/(-3). Determine z(n).
-2
Let l = -88 + 92. Suppose l = 17*i - 13*i. Let h(m) = -5*m**3 - 7*m**2 + 6*m + 6. Let o(w) = 4*w**3 + 6*w**2 - 5*w - 5. Let k(b) = -5*h(b) - 6*o(b). Give k(i).
0
Let q(s) = -3*s**2 + 9*s + 2. Let t(c) = 8*c**2 - 27*c - 6. Let b(n) = -11*q(n) - 4*t(n). Determine b(-8).
-6
Let x = -69 + 74. Suppose -6*p = -5*v - x*p + 19, -p + 11 = 5*v. Let i(b) = b**3 - b**2 - 2*b - 4. Give i(v).
8
Let s(r) = -10*r + 5. Let w = -621 + 626. Calculate s(w).
-45
Let b(t) be the third derivative of 17*t**2 + 1/24*t**4 + 0 + 0*t - 1/2*t**3. Determine b(-3).
-6
Let s(z) = 3*z - 3. Let a be s(2). Suppose -4*t + 5*t = -a. Let f(v) = 74 + 72 + 2*v + 74 - 219. What is f(t)?
-5
Let f be (2/3)/((-6)/(-27)). Let g(x) = 1 + f - 3 - 15*x + 14*x. Give g(-3).
4
Let i(x) be the second derivative of -x**4/12 - x**3/6 - 3*x**2/2 - 114*x. Determine i(4).
-23
Let h = -364 - -357. Let x(g) = 3*g**2 + 19*g - 10. Calculate x(h).
4
Let t(l) = -l - 1. Let a be t(-5). Let i = 0 - a. Let q(y) be the first derivative of y**3/3 + 5*y**2/2 + 4*y + 7. What is q(i)?
0
Let m(p) = -p**3 + 2*p**2 - 3*p + 1. Let a(u) = 124*u**2 + u**3 - 10*u - u - 9*u - 18 - 144*u**2. Let g be a(21). Determine m(g).
-17
Let b(v) = v - 1. Suppose 23 = 13*h - 12*h. Suppose 0 = 9*z + h + 13. What is b(z)?
-5
Let a(o) = 10*o - o**2 - 14*o - 109 + 108. Suppose 0 = -4*r - 12. Calculate a(r).
2
Let d(u) = -u + 1. Let l(x) = 8*x - 34. Let w(z) = 10*d(z) + l(z). Let k be w(-10). Let p(j) = j**2 + 5*j - 3. Calculate p(k).
-7
Let d(j) = -4*j**2 + 6*j - 8. Let s(w) = -w**2 + w. Suppose 2*c = -0 - 2. Let g(x) = c*d(x) + 5*s(x). Let a be (-1 - -1) + -1 + 1. Determine g(a).
8
Let l(w) = 2*w + 4. Suppose -24*x = -20*x - 4. Suppose 4*i + y = -x - 10, 0 = -2*i + 3*y - 9. Determine l(i).
-2
Let x(k) = 15*k**3 - k**2 + k + 1. Let f(r) = 23*r + 326. Let y be f(-14). Let h be 2*1/2 - -1. Suppose 8*b - 27 = h*c + 3*b, 4*c + y*b = 16. Give x(c).
-16
Let m(n) be the first derivative of 2 + 2*n**3 + 0*n - 1/2*n**2. Determine m(-1).
7
Let q(d) = d**2 - 8*d + 21. Suppose 30 = -107*h + 112*h. Determine q(h).
9
Let j(t) = -t**2 + 2*t + 2. Suppose 0 = 4*i - 21 + 5. Let p = -6 + i. What is j(p)?
-6
Let g(u) = -153 + 45 - 10*u + 34 + 25. Give g(-5).
1
Suppose -t - 14 = -8. Let g(x) = x**2 + 13*x + 2. Let o(z) = -2*z**2 - 28*z - 3. Let u(n) = -7*g(n) - 3*o(n). Determine u(t).
1
Let u(x) be the first derivative of -12*x + 1/3*x**3 - 7/2*x**2 + 35. Calculate u(9).
6
Let n(d) = -3*d + 1. Let c(y) = y**3 + 13*y**2 + 4. Let x be c(-13). Suppose -4*u + 25 = -q, 0 = -x*q - 5*u + 3*u - 64. Let i = -13 - q. What is n(i)?
-11
Let s(o) = 7*o**2 + 6*o - 1. Let w(t) be the first derivative of -t**3/3 + t - 20. Let g(d) = -s(d) - 6*w(d). Calculate g(-5).
0
Suppose 28 = y + 25. Let v(b) = -3 - b**y + 44*b - 48*b - 5*b**2 + 0. Give v(-3).
-9
Suppose -5*d = -2*q - 8, 4*d = -q + 3 + 6. Suppose 3*u = -5*s + 62 - 11, -3*s - 53 = -d*u. Let k(g) = 4*g**2 + u*g + 4 - 1 - 19*g. What is k(-2)?
13
Let t(z) = -z**3 + 5*z**2 + 5*z - 5. Let d be 4/((-86)/18 - -5). Let u be -4 + (-9)/(d/(-20)). What is t(u)?
-11
Let d = 2 - -1. Let f be (-2 + 6)*(5 + (-18)/4). Let y(k) = -78*k**3 - 2 + 2*k + 0 + 79*k**d - 3*k**f. Determine y(2).
-2
Let o(b) = 3*b + 1. Let n(w) = -2*w - 1. Let p(u) = -n(u) - o(u). Suppose -3*x + 16 = x. Let z be (-18)/24 + 23/x. Give p(z).
-5
Suppose 4 - 24 = -4*o. Let p(y) = 6*y + o - 6*y + 4*y. Let s(v) = -5*v**3 - 5*v + 4. Let q be s(1). Determine p(q).
-19
Suppose 4*f - 6 = s - 1, 3*s = -2*f + 13. Suppose o - 9 + 2 = -f*v, 0 = 3*o + 3*v - 15. Let y(g) = g**2 - 2 + 3 - g**3 + o. Calculate y(0).
4
Suppose 30 = -6*c + 6. Let u(i) = i**2 + 2*i - 4. Determine u(c).
4
Let i(a) = a**2 + 7*a - 3. Let r be i(-8). Let n be 12/r + 10/(-25). Let f(z) = 0 - 2 - 2*z + 0*z + 8*z**n + 1. What is f(-1)?
9
Let q(v) = -5*v + 14*v**3 - v**2 - 36*v**3 - 2*v**2 + 5 + 23*v**3. Determine q(4).
1
Let w(l) = -l**2 - 26*l - 85. Let m be w(-22). Let j(s) = -2*s**2 - 4. Give j(m).
-22
Let o(r) be the first derivative of r**4/8 - r**3/6 + 3*r**2 + 9. Let m(f) be the second derivative of o(f). Determine m(-4).
-13
Suppose -9*b + 15 = -6*b. Suppose -b = -0*f + f. Let u(t) = -t**2 - 4*t + 7. Determine u(f).
2
Let x(h) = -5*h**3 + 10*h**2 + 2*h + 7. Let l(a) = 14*a**3 - 29*a**2 - 5*a - 20. Let g(f) = -4*l(f) - 11*x(f). Calculate g(4).
27
Let j(m) = -4*m - m + 5*m - 4*m. Let z(g) = -g - 1. Let b(k) = j(k) - 6*z(k). What is b(-5)?
-4
Let i(w) = 2*w + 5. Let a = -199 + 194. What is i(a)?
-5
Let x(l) = -l. Let v(h) = 3*h + 1. Let y(t) = -2*v(t) - 5*x(t). Let r be ((-52)/(-4) + 1)/(-2). Calculate y(r).
5
Let k(v) = -94*v**3 + 185*v**3 + 3*v**2 + 3 - 90*v**3 - 3*v. Give k(-4).
-1
Let u(y) be the first derivative of -7/3*y**3 + y - 6 + 0*y**2. Give u(1).
-6
Let k(r) = r**3 + r**2 - r + 4. Suppose b + j = 0, 5*b + 33*j = 32*j. What is k(b)?
4
Let o(w) = -w + 22. Let b be -18*(-8 - -4)/4. What is o(b)?
4
Let z(x) = 2*x - 17*x**3 - 1 + 37*x**3 - 17*x**3 + 4*x**2. Let y(a) be the first derivative of -a**2/2 + 4*a + 1. Let f be y(6). Calculate z(f).
-13
Let w = -2 + -4. Let i(f) = -f**2 - 1. Let z(t) = 4*t**2 + 6*t + 2. Suppose 4*r - 20 = -8. Let o(y) = r*i(y) + z(y). Calculate o(w).
-1
Let b(w) be the second derivative of -w**3/6 + w**2/2 + 2*w - 123. Let f = 20 - 38. Let z be (-4)/f + (-34)/(-9). Determine b(z).
-3
Let u(s) = 3*s. Let c be 2/((-4)/(-26)*-1). Let z = c + 19. Let m(n) = -8*n + 1. Let k(a) = z*m(a) + 17*u(a). Calculate k(-4).
-6
Let a be 2 + 2 - (-1 - 0). Let n(o) = -a*o - 2*o + 2*o - 5 + 6*o. Calculate n(4).
-1
Let c(i) = -i**2 + i + 2. Suppose -w - 9 = -5*l, 0*w = 3*w - 3. Let k be (14/35)/(l/10). Give c(k).
0
Let v(x) = -5*x**3 - 2*x**2 - 12*x. Suppose 3*n - 9 = 9. Let k(h) = h**3 + h**2 + h. Let b(l) = n*k(l) + v(l). What is b(-5)?
5
Let v be (-4 - 11)/(-3) - 3. Suppose 5*f + 4*h = 42, 3*h = v*h + 3. Let s(k) = 2*k**2 - 6*k - 3. What is s(f)?
33
Let h(b) be the first derivative of b**5/20 + 3*b**4/4 + 4*b**3/3 + 3*b**2 - 10*b - 12. Let l(y) be the first derivative of h(y). What is l(-8)?
6
Let m(i) = i**2 + 4*i + 6. Let w be -6 + 15/5 - 3. What is m(w)?
18
Suppose 3*u - 3*r + 5 = 2*u, 5*r - 7 = 3*u. Let b(k) = -4*k - k + 4*k + 2*k - u. What is b(3)?
2
Let v = -7 - -10. Let i(t) = -5*t**2 - t + 3 + t**2 + v*t**2. Suppose w = 73 - 76. Calculate i(w).
-3
Let s = 1680 + 429. Let t(g) = s - g - 2109. Calculate t(-1).
1
Let o(n) = 6*n - 1. Let q(p) = -p**3 + 9*p**2 - 7*p - 9. Let f be q(8). Let j be (20/80)/(f/(-4)). Calculate o(j).
5
Let u(i) = 3*i + 169. Let y be u(-53). Let f(d) = 4*d + 3. Determine f(y).
43
Let g(f) = f**3 - 26*f**2 + 24*f + 19. Suppose -x = 7*x - 200. Calculate g(x).
-6
Suppose -3*d - 3*q = 1 + 11, -4*d + 2*q = 22. Let u be 2 + (0 - (-3)/(-3)). Let z(o) = -o**3 - 5*o**2 + 3*o + u - 3 + 8. Determine z(d).
-9
Let g be (-10)/(-25) + (-46)/(-10). Suppose -4*a + 2*m = -a - 329, m - 224 = -2*a. Let u(f) = -2 + 58*f + 52*f - a*f. Give u(g).
-7
Let f(l) = -l**2 - l + 4. Let o(q) = 2*q**2 + q - 8. Let w(u) = -7*f(u) - 3*o(u). Suppose 11 - 17 = 2*g. Give w(g).
-7
Let d(u) = 3 + 2*u**3 - 11*u - 6 - 10*u**2 - 3*u**3. Let b(s) = 11*s + 24. Let f be b(-3). Determine d(f).
15
Suppose 3*m - 45 = 4*i - 16, i + 5 = 0. Let o(f) = 2*f**3 - 8*f**2 + 3*f - 1. Give o(m).
-10
Let p(a) be the second derivative of a**4/12 + a**3/3 + 5*a**2/2 + 410*a - 1. Determine p(-3).
8
Let s(y) = -7*y**2 + 12. Let q(u) = u**2 + 4*u + 9. Let n(l) = -3*l - 8. Let a(c) = -4*n(c) - 3*q(c). Let d(v) = 5*a(v) - 2*s(v). What is d(-1)?
0
Let o(n) = 3*n - 30. Let t be o(10). Let r(k) = -2*k + t*k**2 + 7*k**2 + 2 - 2*k**3 - 6*k**2 + k. Give r(2).
-12
Let k(p) = -3*p**2 + p. Suppose 13*q = -14 + 339. Let o be 